e factors of b.
317
Suppose 15 = -11*t + 16*t. Let i = -90 + 93. Suppose t*m + 3*p = -m + 32, 24 = i*m - 2*p. List the prime factors of m.
2
Suppose -23*c - 1315 = 1307. Suppose -2*n = -7*n - 2*g + 58, -g = n - 11. Let q = n - c. List the prime factors of q.
2, 3, 7
Let b(z) = 14*z**2 + 9*z - 12. Let k = -253 + 246. List the prime factors of b(k).
13, 47
Let a(y) = 3*y**2 - 7. Suppose 8*q + 9 = 11*q. Suppose -q*j - 5*l = 2, -4*j - l - 12 = 2. What are the prime factors of a(j)?
41
Let p(g) = g**3 - g**2 - g - 1. Let a be p(0). Let h(f) = 735*f**2 - 2*f - 1. Let m be h(a). Suppose -m = -10*c - 96. What are the prime factors of c?
2
Suppose z - 42 = -3*z - 2*o, -5*z = 2*o - 54. Suppose 7235 = z*g + 1355. List the prime factors of g.
2, 5, 7
Suppose -4*k = k - 540. Suppose 0 = -17*v + 13*v - k. List the prime factors of (-48)/v + (-4)/(-18).
2
Let t(p) = -8*p**2 - 3*p + 5. Let z be t(1). What are the prime factors of (z/9)/((-34)/10863)?
3, 71
What are the prime factors of (6/21 - 120528/7)*(3 - 5)?
2, 8609
Suppose -99*j - 569352 = -111*j. What are the prime factors of j?
2, 7, 3389
Suppose -772070 = -13024*k + 12998*k. What are the prime factors of k?
5, 5939
Suppose -2*i - u - 15 = 0, i + 0*i - u + 12 = 0. Let v = 54 + i. Let o = v - -18. What are the prime factors of o?
3, 7
Let s = 4577 + -19. List the prime factors of s.
2, 43, 53
Let j(g) = 1599*g**2 + 63*g - 89. What are the prime factors of j(2)?
7, 919
Let l(y) = y**3 + 8*y**2 + 15*y + 1. Let j be l(-5). What are the prime factors of (j + 1)/((-35)/(-18165))?
2, 3, 173
Let k(d) = -4*d**3 - 8*d**2 - 4*d + 26. Let q be k(4). Let i = -268 - q. What are the prime factors of i?
2, 53
Let b be (-18)/(-5)*((-36900)/24)/(-15). Let o = -165 + b. List the prime factors of o.
2, 3, 17
Suppose 4*n - 1552 + 92 = 0. List the prime factors of (-5 - n/(-2))*2.
5, 71
Let l(h) = h**2 - 4*h + 3. Let f be l(4). Suppose 16 = -2*v - 2*v, -v + 200 = f*z. Suppose -i + z = 3*i. What are the prime factors of i?
17
Suppose 0 = 15*f + 24 - 129. Suppose -5*y + 1380 = a, -10*a + f*a - 4*y = -4107. What are the prime factors of a?
3, 5, 7, 13
Let s = -10495 - -16830. List the prime factors of s.
5, 7, 181
Suppose -8743708 - 5755730 = -433*u. List the prime factors of u.
2, 3, 5581
Suppose 11*q - 38934 - 60840 + 31068 = 0. List the prime factors of q.
2, 3, 347
Let x(y) = 6*y**3 + 344*y**2 + 159*y + 74. List the prime factors of x(-56).
2, 11, 739
Let h be (-6311)/(-2) + (14/4)/(-7). Suppose 32*m - h - 18413 = 0. What are the prime factors of m?
2, 337
Suppose 29*p - 27*p = 6, 2*w - p = 31289. What are the prime factors of w?
2, 7823
Suppose d - 661 = b + 348, 0 = 4*d + 2*b - 4030. Let v = d + -301. List the prime factors of v.
7, 101
Let u = -71 + 75. Let x be (1/1 - u)*(-25)/3. Suppose x*i = 29*i - 596. List the prime factors of i.
149
What are the prime factors of ((-42)/(-49))/((-44)/(-1133132))?
2, 3, 13, 283
Let n be 10/(-1*(-2)/1). Suppose -4*t + 10 - 26 = 0. What are the prime factors of ((-6)/t)/(((-25)/(-290))/n)?
3, 29
Let m(o) = -7*o + 104. Let h be m(0). Suppose -2*l + h = 2*g + 3*g, -167 = -3*l - 2*g. List the prime factors of l.
3, 19
Suppose -1536 = 9*p - 21*p. Suppose -i + 3*g = -p - 512, -2*i - 5*g = -1258. What are the prime factors of i?
2, 317
Let q(w) = 2*w**2 + w. Let g(t) = -6*t**2 - 3*t + 30. Let y(c) = -g(c) + q(c). List the prime factors of y(8).
2, 257
What are the prime factors of (-767620)/(-60) + (4/14)/(9/(-21))?
11, 1163
Suppose 35*x = 25199 + 141996. What are the prime factors of x?
17, 281
Let u(p) = -36*p + 68. Let w(f) = f - 1. Let d(r) = -u(r) + 3*w(r). Let j be d(13). Suppose 2 = 2*a, 3*q - a - j = 4*a. List the prime factors of q.
3, 7
Suppose -2008 = 10*y + 4302. Let j = 85 - y. What are the prime factors of j?
2, 179
Suppose 196*j - 80*j - 4570400 = 0. What are the prime factors of j?
2, 5, 197
Suppose 40 = 10*m - 0. Suppose 215 + 113 = m*r. List the prime factors of r.
2, 41
Let n = 47670 - 6995. List the prime factors of n.
5, 1627
Let v(m) be the first derivative of -319*m**4/4 + 8*m**2 + 17*m - 5. What are the prime factors of v(-1)?
2, 5
Suppose 4*u - 34 = 2*d - 2, -d - 22 = -3*u. List the prime factors of (287 - (u + -6)) + 3.
2, 5, 29
Let r = 19 - 14. Let u(k) = -k**3 - 5*k**2 - 6*k + 6. Let f(w) = w**3 + 6*w**2 + 5*w - 6. Let s(v) = r*f(v) + 4*u(v). What are the prime factors of s(-8)?
2, 3, 19
Suppose -44*y + 16286 = -10*y. Let p = -236 + y. What are the prime factors of p?
3
What are the prime factors of (-6)/8 + ((-22392396)/48)/(-39)?
3, 443
Suppose 3*o - 164*i + 167*i - 12897 = 0, -4*i = 3*o - 12896. List the prime factors of o.
2, 5, 43
Let f(c) = 30*c - 5. Let w(l) = 61*l - 11. Let o(r) = 9*f(r) - 4*w(r). Let k be (-4)/(-44) - 260/(-44). What are the prime factors of o(k)?
5, 31
Let i(u) be the second derivative of 9*u**4 - u**3/2 + 3*u**2/2 - 3*u. Let v be (-18)/(-30) + (-4)/(-10). List the prime factors of i(v).
2, 3
Let u be -2 + 1/(2/104). Suppose -53*p = -u*p - 516. Suppose p = -5*w + 597. What are the prime factors of w?
5, 17
Suppose -10 = -3*f + 3*k + 8, -5*f + k + 26 = 0. Suppose g - f*g - 687 = -x, 1358 = 2*x - 4*g. What are the prime factors of x?
11, 61
Suppose -127 - 53 = -36*g. Suppose 4*m = 0, -12*m = g*q - 10*m - 1525. List the prime factors of q.
5, 61
Suppose -2070*r + 2034*r = -144. What are the prime factors of r?
2
Let g(x) = -10*x + 90. Let k(w) = -3*w + 30. Let h(j) = 6*g(j) - 17*k(j). What are the prime factors of h(-10)?
2, 3, 5
Suppose 18*g - 30279 = 16197. List the prime factors of g.
2, 1291
List the prime factors of 7 + -15 + (-2)/(12/(-27498)).
3, 5, 61
Suppose -1119348 - 3933909 = -99*n. What are the prime factors of n?
51043
Suppose -5*f + 5*x + 4 = 6*x, -2*f + 12 = 3*x. Suppose 6*b + 1657 - 6541 = f. List the prime factors of b.
2, 11, 37
Let t = -1815 + 2445. What are the prime factors of t?
2, 3, 5, 7
Suppose 5*z = -2*l + 114113, -z + 5*l - 68445 = -4*z. List the prime factors of z.
5, 11, 83
Let h = -44 + 36. Let t(k) = -32*k - 26. Let b be t(h). Suppose 0 = w + 9*w - b. List the prime factors of w.
23
Suppose 0 = 85*w - 1869469 + 728688 - 1174109. What are the prime factors of w?
2, 3, 17, 89
Suppose -21*u + 600 = 3*u. Suppose u*l + 6086 = 42*l. What are the prime factors of l?
2, 179
Let u(p) = -30*p + 112. Suppose 0 = -5*c - 83 - 12. List the prime factors of u(c).
2, 11, 31
Let m(t) = -620 - 9*t + 7*t**2 + 0*t + 618 + t**3. List the prime factors of m(5).
11, 23
Let l = 95028 - 45815. List the prime factors of l.
29, 1697
What are the prime factors of (-2)/(6 + (-42512)/7085)?
5, 13, 109
Let m(c) = 175*c**2 - 303*c - 2762. List the prime factors of m(-9).
2, 5, 7, 101
What are the prime factors of -1*(6/(-7) - (-69106)/(-14))?
4937
Suppose -7*s + 6588 = 330. Let l = -481 + s. What are the prime factors of l?
7, 59
Suppose -681160 - 620840 = -186*d. List the prime factors of d.
2, 5, 7
Let n(c) = -10*c - 12. Let v be n(-5). Let t = 216 - v. Let h = t - 103. What are the prime factors of h?
3, 5
Suppose -1012 = 4*p + 1840. Let w = 1217 + p. What are the prime factors of w?
2, 3, 7
What are the prime factors of ((-48)/(-64) + (-18)/(-40))*4505 + 6?
2, 3, 11, 41
List the prime factors of ((261618/(-3))/((-24)/6))/((-3)/(-6)).
7, 6229
Let l(o) be the third derivative of 7*o**6/24 + o**5/30 - o**4/3 + o**3/2 + 32*o**2. List the prime factors of l(2).
5, 11
Let j(u) = 40*u**3 - 2*u**2 - 4*u - 3. Let p be j(-1). Let n = -32 - p. Suppose 0*k + 252 = n*k. List the prime factors of k.
2, 7
Let t(z) = 4*z - 13. Let f = -46 + 43. Let d be (f - 48/(-18))*-9*3. List the prime factors of t(d).
23
Let g be 2*(-18)/(-12)*(-8)/(-2). Suppose g*x = x + 8283. List the prime factors of x.
3, 251
Suppose -2*x = p - 17, 2*p = 5*x - 51 - 5. Suppose -x*t = 3*t - 2678. List the prime factors of t.
2, 103
Let d = -1674 - -83. Let h = -921 - d. What are the prime factors of h?
2, 5, 67
Let u = -3468 - -6534. List the prime factors of u.
2, 3, 7, 73
Let k be (-11)/2*(-9 + 7). Let v(y) = 0*y + y**2 - k*y + 13*y + 10*y**3 + 1. List the prime factors of v(2).
89
Let w = -522 - -518. What are the prime factors of w + (-16)/8 + 997?
991
Let h(k) = k**3 - 17*k**2 - 17*k - 14. Let t be h(18). Suppose -t = 3*g + 17. Let b(w) = 2*w**2 - 2*w + 9. List the pri